t are the prime factors of b?
19
Let y(c) = c - c + 9 + 8*c. Let p be y(7). Suppose 5*r - p = 4*l, -65 = -2*r - 3*r - l. What are the prime factors of r?
13
List the prime factors of (-1)/10 + (-4067)/(-70).
2, 29
Let j = 126 - 37. List the prime factors of j.
89
Suppose 102 = 3*k + i - 4*i, -5*k + 162 = -3*i. What are the prime factors of k?
2, 3, 5
Let n(i) = 2*i**2 + 4*i + 4. Let d be n(-3). Let a = d - -2. What are the prime factors of a?
2, 3
Let l = -24 - -57. What are the prime factors of l?
3, 11
Let u(r) be the third derivative of r**6/240 + r**5/120 - r**4/8 - 3*r**2. Let c(z) be the second derivative of u(z). List the prime factors of c(3).
2, 5
Let j = -6 + 8. Suppose j*y - q = 18, -5*y + 0*y + 2*q = -46. List the prime factors of y.
2, 5
Suppose 5*b + 3*n - 15 = n, 5*b = 3*n + 15. Let g be 0*((-1)/b)/(-1). Let v(h) = h**3 - h + 11. List the prime factors of v(g).
11
Let m = 52 - -18. Let c = m + -45. Suppose -5*k = -15 - c. What are the prime factors of k?
2
Suppose -u - 4*u + 20 = 0. Let a be 2 + 1 + (0 - u). What are the prime factors of a/(((-6)/14)/3)?
7
Suppose -5*t - 4*j + 1068 = 0, 0*j - 429 = -2*t - j. List the prime factors of t.
2, 3
Let v = 13 - 7. Let a be ((-2)/v)/(1/(-9)). Suppose -a*t - t + f = -35, f + 25 = 3*t. List the prime factors of t.
2, 5
Let d be (-2)/(2/(-3)*-1). Let q = -1 - d. Suppose -u - q*f = 0, -f - 6 = -3*u + 2*u. What are the prime factors of u?
2
Suppose 3*n - 4 - 11 = 0. Suppose 2*w = n*k + w - 92, 4*k - w = 74. List the prime factors of k.
2, 3
Let o(b) = -b**3 - 4*b**2 + 3*b - 7. Let t be o(-5). Suppose 0 = 2*q + l, -q + l - 3 = t*l. Suppose g - 4 = q. List the prime factors of g.
5
Let v(s) = 4*s**2 - 3*s. Let d = -2 + -1. Let m = 5 + d. What are the prime factors of v(m)?
2, 5
Suppose -4*t - 2*p + 552 = -5*p, -5*p = 0. What are the prime factors of t?
2, 3, 23
Let m = 11 - 2. Suppose 4*a + 8 = -4. Let d = m - a. What are the prime factors of d?
2, 3
Let i(h) = -2*h**2 - 8*h - 7. Let f be i(-6). What are the prime factors of f/(-2) - (-6)/(-4)?
2, 7
Let l = 18 - 13. Suppose 4*p - 181 = -0*p + l*y, 2*p = 2*y + 88. Suppose 5*n - 4*q = 75, n = 5*n + q - p. What are the prime factors of n?
11
Let n(p) = p**2. Let z be n(3). Let q be (z/(-3) - 2)*2. Let k = q + 14. List the prime factors of k.
2
Let s(h) = -h**3 - 5*h**2 + 2*h - 4. What are the prime factors of s(-6)?
2, 5
Let v be (-3)/(-6) + 2/4. What are the prime factors of 2/2 - v - -19?
19
Let c = 59 - 23. What are the prime factors of c?
2, 3
List the prime factors of (1/(-3))/(7/(-84)).
2
Let i(z) be the second derivative of 3*z**5/20 + z**4/12 - z**3/3 - 5*z. List the prime factors of i(2).
2, 3
Let i be (-16 + 17)*9*4. Suppose i = v - 7. List the prime factors of v.
43
Suppose -2*d - 5*k - 1 = 0, 0*d - 2*k = -3*d - 30. Let m be (2/4)/(d/192). Let i = m - -19. List the prime factors of i.
7
Let s = -212 - -440. What are the prime factors of s?
2, 3, 19
Let v be ((-4)/8)/((-1)/6). Let b be v - 2 - (-2 - -3). List the prime factors of -3 - (0 + (-7 - b)).
2
Suppose 3*t = 15 + 3. Let q = 7 - t. What are the prime factors of 116/6 + q/(-3)?
19
Let i(j) = 8*j**3 + 3*j**2 + j - 3. What are the prime factors of i(2)?
3, 5
Suppose -6*c + 40 = -2*c. List the prime factors of c.
2, 5
Let c be 1 + -1 + 3 + -3. Suppose c*u - 3*u = 0. Let w = u + 7. What are the prime factors of w?
7
Let g(x) = -x**3 + x**2 - 1. Let z(i) = -3*i**3 - 8*i**2 + 12*i. Let s(p) = 2*g(p) - z(p). List the prime factors of s(-11).
3
Suppose -2*g - 9 = -5*g, -g = -r - 6. Let h be -4 - (-3 - (r - 0)). What are the prime factors of (-18)/h - 5/10?
2
Let q = 174 + -69. What are the prime factors of q?
3, 5, 7
Let j be 12/9*3/2. Suppose 5*n = -4*g - 7, n + j*g = 5*n - 10. What are the prime factors of 11 + (0 - 1 - n)?
3
Let y(i) = 14*i - 6. Let z be y(6). Suppose -3*f = -3*m - z, 2*f - 4*m = f + 26. What are the prime factors of f?
2, 13
Let q(w) = -2*w**2 - 8*w + 1. Let m be q(-4). Let c = -10 - -19. Let i = m + c. What are the prime factors of i?
2, 5
Suppose -3*n = -0*n - 15. Suppose 4*k = n*s + 28, -3*k + 4*s + 20 = -k. Suppose 1 = h - k. What are the prime factors of h?
3
Suppose 0 = -3*n - n + 388. Let i = n + -56. List the prime factors of i.
41
Suppose -3*t = 3*v - 48, -v + 3*t + 12 + 4 = 0. Suppose -4*f + v = 0, 4*j - 20 = -5*f + 8. Suppose -j*c = c - 15. List the prime factors of c.
5
Let n be (-4 + 1)*3/1. Let m be (-5 - n) + 3*-1. What are the prime factors of -1 + (m - 0 - -2)?
2
Let a = 154 - 76. List the prime factors of a.
2, 3, 13
Let f(h) = -h**3 + h**2 + 20. Let n be f(0). Suppose 3*c + c + n = 0. List the prime factors of 2/c + 156/15.
2, 5
Let h be 615/(-6)*(-4)/5. Let m = -42 + h. What are the prime factors of m?
2, 5
Let o = 8 - -23. Suppose -o + 7 = -3*h. List the prime factors of h.
2
List the prime factors of -2*-3*88/12.
2, 11
Let n = -60 + 12. Let f = 80 + n. List the prime factors of f.
2
Let k be 32/(-12)*3/(-2). Let t = k - 3. What are the prime factors of (14/2)/t + 3?
2, 5
Suppose 0 = -10*m + 3*m + 56. List the prime factors of m.
2
Let d(g) = -g**2 - 12*g + 5. Let k be (-3)/(-3)*-10 - -1. Let a be d(k). Suppose 5*q + 18 = 3*t - 22, 0 = -4*t - 4*q + a. List the prime factors of t.
2, 5
Let w = 1 + 5. List the prime factors of w.
2, 3
Let u be (-1 - 0)/(0 + 1). Let x = u - -5. Suppose -9 = -5*h + 5*k + 11, -4*h - x*k + 56 = 0. What are the prime factors of h?
3
Let c be (-4)/(-12) + 1/(-3). Suppose 19*i - 18*i - 28 = c. List the prime factors of i.
2, 7
Suppose t - 4*n + 1 = 0, -6*t + 2*t = 3*n - 15. List the prime factors of 1 - (-4 - -1)/t.
2
Suppose 0*f = -f - 3. Let w = 26 - 6. List the prime factors of ((-9)/6)/(f/w).
2, 5
Suppose -5*t + 120 = -5*d, d + 3*d = -3*t + 100. List the prime factors of t.
2, 7
Suppose h - 4*n - 44 = 0, -5*h - 2*n + 55 = -143. What are the prime factors of h?
2, 5
Let l be ((-3)/2)/(2/(-8)). Let d(o) = l*o - o - 3*o - 1. What are the prime factors of d(5)?
3
Let z(x) = -2*x + 1. Let c(i) = -i**3 - 4*i**2 + 4. Let k be c(-3). What are the prime factors of z(k)?
11
Let r = -196 + 348. What are the prime factors of r?
2, 19
Let i(g) be the second derivative of g**4/12 + 5*g**3/3 + 11*g**2/2 + 8*g. What are the prime factors of i(-11)?
2, 11
List the prime factors of ((-15138)/(-15))/3 - (-3)/5.
337
Suppose -c + 36 = -5*c. List the prime factors of 4/((-12)/c) + -1.
2
Let d = 83 - 3. What are the prime factors of d?
2, 5
Suppose -9 = -5*x + b, x + 7*b - 4*b - 5 = 0. Let t(c) = 2*c**3 + 4*c**2 - 3*c + 1. What are the prime factors of t(x)?
3
Suppose 5*z - 924 = -7*z. What are the prime factors of z?
7, 11
Let n be 0 + (-22)/(-2) + 0. Let z = n - 7. Suppose 0 = -z*j + 8 + 28. What are the prime factors of j?
3
Suppose -2*n + 0*n + b + 6 = 0, 5*n = -3*b + 15. Let f = n - 1. Suppose f*h + 4 = -4*l, 2*h - 2*l - 4 - 10 = 0. List the prime factors of h.
2
Suppose 23 = 8*b - 17. List the prime factors of b.
5
Suppose -5*v + 7 = -38. Let q = v - 17. Let u = q - -18. List the prime factors of u.
2, 5
Let l(k) = k + 8. Let a be l(-6). Let b(u) = 0*u - 2*u + u + 3*u**a - 1. What are the prime factors of b(-2)?
13
Suppose -45 = -7*p + 12*p. List the prime factors of (-1 - 44/12)*p.
2, 3, 7
What are the prime factors of 3759/77 + (-6)/(-33)?
7
Let q(s) = 17*s**3 - 2*s**2 - s - 2. Let f be q(-2). List the prime factors of ((-2)/(-6))/((-12)/f).
2
Let s be (1/3)/((-3)/(-18)). Suppose 2*a - 65 = c, 3*a + s*a - 160 = 2*c. What are the prime factors of a?
2, 3, 5
Let a(z) = 5*z + 27. Let q(v) = 2*v + 9. Let f(m) = -4*a(m) + 11*q(m). Let t be f(7). Suppose -6 = 4*d + 6, -t*u - 4*d = -23. List the prime factors of u.
7
Suppose 4*r - 2*r = 170. List the prime factors of r.
5, 17
Let g(r) = 2*r. Let k be g(-16). List the prime factors of 255/7 + k/(-56).
37
Suppose a - 19 - 73 = -3*m, 15 = 3*a. What are the prime factors of m?
29
Let d be 114/(-10) - 6/10. Let l = 20 + d. List the prime factors of l.
2
Suppose -6 = -z - 2*z. Suppose z + 4 = 3*k. List the prime factors of k/((-8)/22)*-2.
11
Let p(u) = 6*u**3 - 10*u**2 + 2*u + 8. Let f(n) = 5*n**3 - 9*n**2 + n + 7. Let c(r) = -5*f(r) + 4*p(r). List the prime factors of c(4).
5
Let l = 3 + -1. Suppose m = -0*m + l. Suppose o + m*o = 15. List the prime factors of o.
5
Suppose 0 = 3*w - w - 10.